f) = 45*f**3. Suppose 4*o = -3*v + 5*v + 12, -5*o - 4*v - 11 = 0. List the prime factors of b(o).
3, 5
Let q = 191 + -74. Let h(m) = m**3 + 7*m**2 - 9*m. Let x be h(-9). Let s = q + x. What are the prime factors of s?
2, 3
Suppose -26*u + 43*u = 24650. What are the prime factors of u?
2, 5, 29
Let o(x) = 9*x**2 - 2*x**2 - 2*x**2. Let c be o(-1). Suppose 3*h - 2 = -5*p, 0*h + 5*p - 20 = -c*h. What are the prime factors of h?
3
Let j = -140 - -135. List the prime factors of j + 6 + -3 + 2 + 16.
2
Suppose 0 = -v + 4*h + 385, -5*v - 12*h + 16*h + 1845 = 0. What are the prime factors of v?
5, 73
Suppose 2*d + 0*d = 2. Let b be 4 - -1 - (2 - d). Suppose -b*c = l + 3*l - 12, 4*c + 42 = 5*l. List the prime factors of l.
2, 3
Suppose -2*g = -3*h - 0*g - 14, -5*h - 3*g + 2 = 0. Let u(s) = 6 + 4*s + 3*s**2 + 4*s**2 - 3. List the prime factors of u(h).
23
Let g = 2018 + 810. What are the prime factors of g?
2, 7, 101
Suppose 17*v - 9*v - 3808 = 0. List the prime factors of v.
2, 7, 17
Let d(s) be the second derivative of 0 - 6*s - 1/20*s**5 - 7/12*s**4 + s**2 - 1/3*s**3. List the prime factors of d(-7).
2
Let u = 1385 + -335. What are the prime factors of u?
2, 3, 5, 7
Let a = 13 + -6. Suppose -5*k + 4*l + 56 = 0, 2*l + 5 = a*l. What are the prime factors of k/(-24)*(-68 + 0)?
2, 17
Let a = 105 - 75. List the prime factors of (-170)/(-4) - a/(-20).
2, 11
Let k(m) = -m**3 - 9*m**2 - 5*m + 6. Let a be k(-7). Let u be 1878/(-54) + 2/(-9). What are the prime factors of (a/15 - -3)*u?
2, 7
Suppose 2*h = v - 360, 0 = -v - 3 + 7. List the prime factors of (h/(-2))/(11/11).
89
Let q be 3/(-12) - (-162)/8. Let h be (2/3)/(q/(-30)). What are the prime factors of h/((-3)/(-9)) + 21?
2, 3
Let z be (-3)/(-3) + 1 + 1. Suppose 1 = 2*m + z. List the prime factors of 1 - (40/m + 1).
2, 5
Suppose -5*k - 3 = -18, 2*r = -4*k + 14. Let g be -9 - r/(4/(-8)). What are the prime factors of ((-5)/3)/(g/273)?
5, 13
Let v = 9 - 11. Let h = v - -55. List the prime factors of h.
53
Suppose -5*g = -4*x + 325, 5*x - 385 = -0*g + 2*g. Suppose 0 = -b + i + x, 0 = -b + 3*b + 5*i - 171. What are the prime factors of b?
2, 3, 13
What are the prime factors of -175*21/(-12) - (-6)/8?
307
Let j(l) = -l**3 + 30*l**2 - 40*l - 50. What are the prime factors of j(28)?
2, 199
Suppose 4*u - 13 = 3. Let r = 3 - u. Let t(o) = -23*o + 2. List the prime factors of t(r).
5
Let t(z) = -6*z - 12. Let c be t(-9). Suppose -c = -3*s - 0*s. What are the prime factors of s?
2, 7
List the prime factors of (-3420)/9*1/((-12)/87).
5, 19, 29
Let o(v) = 27*v**2 - v. Let k = 13 + -13. Suppose k*l + 4 = -4*l. List the prime factors of o(l).
2, 7
Suppose 4*j = 3*x + 3*j - 10, 2*x - 4*j = 20. Suppose -5*f - 12 - 3 = -5*y, y = x*f + 7. Let o(k) = k**3 + 4*k**2 - 3*k - 2. What are the prime factors of o(f)?
2, 5
Let m(i) = -i**3 + 18*i**2 - 14*i + 32. What are the prime factors of m(15)?
7, 71
Suppose 30*v = 31*v - 20. What are the prime factors of (v/8)/((-3)/(-240))?
2, 5
Let b(q) = 4384*q - 81. List the prime factors of b(1).
13, 331
Let v(z) = -6*z - 2. Let a be v(-13). Suppose 3*q = a + 95. List the prime factors of q.
3, 19
Suppose -462 = -4*d - 5*i, -d + 3*i = d - 220. Let l = 154 + -77. Suppose -d - l = -5*g. List the prime factors of g.
2, 19
Suppose -5*m + 5220 = -3*i + 13411, -2*i + 4*m = -5464. List the prime factors of i.
2, 1361
Let s = 1051 + -484. What are the prime factors of s?
3, 7
Let b(y) = -y - 69. Let w(t) = 17. Let m(v) = -2*b(v) - 9*w(v). Let k be m(9). Suppose -141 = -5*f + 4*i, -k*f + 55 = 6*i - i. List the prime factors of f.
5
Suppose -4*p + 276 = 5*c, -148 = 8*c - 11*c + 2*p. What are the prime factors of c?
2, 13
Let r be 0/(1 + -2) - -7. Suppose 0 = -4*h + h + b + 450, 0 = -2*h - 3*b + 289. Suppose 5*y = 4*c - h, -r*y + 6 = c - 2*y. What are the prime factors of c?
31
Let n(v) = 2*v**2 + 5*v + 13. Let l be n(-8). Suppose -9*c + 8*c + l = 0. List the prime factors of c.
101
Suppose 0 = -3*d + 6 + 6. Suppose -3*p + 0*a + 47 = -4*a, -5*p - d*a = -25. What are the prime factors of p?
3
Let y be (-2)/(0 + 2/18). Let h = -3 + y. Let b = h - -46. List the prime factors of b.
5
Let h(s) = 2*s**3 - 41*s**2 + 14*s - 17. Let w be h(20). Let p = 288 + w. What are the prime factors of p?
151
Let h = 1810 - 1274. What are the prime factors of h?
2, 67
Let g(y) = 230*y**2 + 16*y - 46. What are the prime factors of g(3)?
2, 7, 37
Let v be ((-6)/(-4) - 2)*(2 + -2). Suppose -5*o = -v*o - 145. List the prime factors of o.
29
Let m = 88 + 314. What are the prime factors of m?
2, 3, 67
Suppose 6*c = 4*c + 54. Suppose -2*f = -2, -4*r + 2*r = -2*f. Let z = c - r. What are the prime factors of z?
2, 13
Let h(s) = s**3 + 14*s**2 - 27*s - 19. What are the prime factors of h(-12)?
593
Suppose -889 = -10*a + 751. List the prime factors of a.
2, 41
Suppose 0 = -2*n - 4*t + 30, -3*n + 5*t - 41 = -6*n. Let u(y) = 11*y - 1. What are the prime factors of u(n)?
2, 19
Let p = -508 - -344. Let j = -56 - p. What are the prime factors of j?
2, 3
Let a(v) = -14*v - 10. Let q be a(-5). List the prime factors of ((-912)/q)/(-2 + (-56)/(-30)).
2, 3, 19
Let o = -4 - -9. Suppose -5*k - o*a = -240, -5*k + a + 224 = -40. What are the prime factors of k?
2, 13
Let g = 8 + -35. List the prime factors of ((-39)/9 + 1)*g/2.
3, 5
Let a(q) = -4*q**3 - 24*q**2 + 8*q + 14. List the prime factors of a(-8).
2, 3, 7, 11
Let o(v) be the first derivative of -5*v**2/2 - 12*v - 1. Suppose 8*l - 456 + 568 = 0. What are the prime factors of o(l)?
2, 29
Let i(c) = -c**2 + 15*c + 38. Let m be i(17). Suppose 3*j + 3*u - 309 = 0, -m*u + 511 = 3*j + 2*j. What are the prime factors of j?
3, 11
Suppose k - 1 - 2 = 0. Suppose m = 5*r - 32, -13 - 5 = -k*r + m. Let b(g) = g - 2. What are the prime factors of b(r)?
5
Suppose 19137 = -17*l + 22*l + 3*x, -4*l = x - 15311. What are the prime factors of l?
2, 3, 11, 29
Let g(l) = l**3 - 2*l**2 - 2*l + 2. Let o = 8 + -4. Let r be g(o). Suppose 2*x - r = x. List the prime factors of x.
2, 13
Let o(n) = 19*n + 7. Let d(l) = l - 7. Let c be d(9). List the prime factors of o(c).
3, 5
Let w(q) = -4*q**3 - 6*q**2 - 2*q + 6. Let x be w(-7). List the prime factors of x/8 - -1*(-7)/28.
137
Let h be (-1)/((24/(-927))/8). Suppose -7*v = -4*v - h. List the prime factors of v.
103
Let c be ((-6)/(-2))/(4 + -1). Let d be (1 + c)*(-675)/(-10). Suppose d = 5*x - 245. What are the prime factors of x?
2, 19
Suppose -14*f + 34603 + 27991 = 0. What are the prime factors of f?
17, 263
Let v = -1242 + 2399. List the prime factors of v.
13, 89
Suppose a - 6*s + 20 = -2*s, -5*s = -5*a - 25. Let x be a/(-3 - -6) + 1. What are the prime factors of 21/(-35)*(-15)/x?
3
Let f(c) = -2*c - 14. Let v be f(-7). Let z be (-8)/((-1)/(-25)*-2). Suppose 0*s + 5*s - z = v. What are the prime factors of s?
2, 5
Suppose -27*i = -239 + 860. Suppose 4*r - 5*k + 130 = 0, 0 = r - 2*k + 1 + 30. Let a = i - r. List the prime factors of a.
2, 3
Let n(o) = -934*o + 59. List the prime factors of n(-1).
3, 331
Suppose 5*c - 12 = c. Let g(j) = -j + 1 + 14*j**c - 6*j**3 + 9*j**3 - j**2 + 9*j**3. What are the prime factors of g(1)?
5
Suppose -4*n = 5*d + 76, 5*d + 3*n + 64 = 2*n. Let g(t) be the second derivative of -t**4/12 - 2*t**3 + 13*t**2/2 + 6*t + 13. List the prime factors of g(d).
13
Suppose 4*s = -3*q - 0*q + 85, 0 = 4*q - 3*s - 80. Let i = 40 - q. What are the prime factors of i?
17
Let p = 1930 + -1211. List the prime factors of p.
719
Suppose 33*a - 43501 = 18407. List the prime factors of a.
2, 7, 67
Suppose -2*k + 4 = -3*p - 12, 5*k + 3*p + 2 = 0. Let f be (60/36)/(k/(-12)). Let o(i) = -i**2 - 12*i + 5. List the prime factors of o(f).
5
Let b = 87 + 36. Suppose 87 + 258 = 5*c + 5*k, -2*c - 5*k = -b. What are the prime factors of c?
2, 37
Suppose -3*m + 1259 = 5*d + 188, 4*m - 4*d = 1460. List the prime factors of m.
2, 181
Let n be 2/5 - 416*(-24)/40. Let s = -101 + n. List the prime factors of s.
149
Suppose 0 = 4*j + 5*h - 0*h - 653, -680 = -4*j + 4*h. Suppose 0*q + 5*k + 210 = 5*q, -5*k = -4*q + j. Let b = -17 + q. What are the prime factors of b?
2, 13
Let t(x) = -x**2 - 16*x - 10. List the prime factors of t(-12).
2, 19
Let y(j) = j**3 - 6*j**2 + 10*j - 6. Let z be (1 - 8)*(10 + -11). What are the prime factors of y(z)?
113
Let q be 12/(-3) + 140